{"id":51490,"date":"2020-12-18T10:51:29","date_gmt":"2020-12-18T13:51:29","guid":{"rendered":"http:\/\/fundacaojles.org.br\/biblioteca\/?post_type=biblioteca&#038;p=51490"},"modified":"2022-02-14T21:15:23","modified_gmt":"2022-02-15T00:15:23","slug":"saude-mental-de-criancas-e-adolescentes-no-brasil-evidencias-para-acao","status":"publish","type":"biblioteca","link":"https:\/\/fundacaojles.org.br\/biblioteca\/biblioteca\/saude-mental-de-criancas-e-adolescentes-no-brasil-evidencias-para-acao\/","title":{"rendered":"Sa\u00fade Mental de Crian\u00e7as e Adolescentes no Brasil: Evid\u00eancias para a\u00e7\u00e3o"},"content":{"rendered":"","protected":false},"featured_media":51492,"parent":0,"template":"","meta":{"_acf_changed":false,"_et_pb_use_builder":"","_et_pb_old_content":"","_et_gb_content_width":"","inline_featured_image":false},"categoria_de_conteudo":[49],"tag_de_conteudo":[60,54],"class_list":["post-51490","biblioteca","type-biblioteca","status-publish","has-post-thumbnail","hentry","categoria_de_conteudo-publicacao-departamento-de-pesquisa","tag_de_conteudo-forum-de-politicas-publicas","tag_de_conteudo-saude-mental"],"acf":[],"yoast_head":"<!-- This site is optimized with the Yoast SEO plugin v27.5 - https:\/\/yoast.com\/product\/yoast-seo-wordpress\/ -->\n<title>Sa\u00fade Mental de Crian\u00e7as e Adolescentes no Brasil: Evid\u00eancias para a\u00e7\u00e3o - Funda\u00e7\u00e3o Jos\u00e9 Luiz Set\u00fabal<\/title>\n<meta name=\"robots\" content=\"index, follow, max-snippet:-1, max-image-preview:large, max-video-preview:-1\" \/>\n<link rel=\"canonical\" href=\"https:\/\/fundacaojles.org.br\/biblioteca\/biblioteca\/saude-mental-de-criancas-e-adolescentes-no-brasil-evidencias-para-acao\/\" \/>\n<meta property=\"og:locale\" content=\"pt_BR\" \/>\n<meta property=\"og:type\" content=\"article\" \/>\n<meta property=\"og:title\" content=\"Sa\u00fade Mental de Crian\u00e7as e Adolescentes no Brasil: Evid\u00eancias para a\u00e7\u00e3o - Funda\u00e7\u00e3o Jos\u00e9 Luiz Set\u00fabal\" \/>\n<meta property=\"og:url\" content=\"https:\/\/fundacaojles.org.br\/biblioteca\/biblioteca\/saude-mental-de-criancas-e-adolescentes-no-brasil-evidencias-para-acao\/\" \/>\n<meta property=\"og:site_name\" content=\"Funda\u00e7\u00e3o Jos\u00e9 Luiz Set\u00fabal\" \/>\n<meta property=\"article:modified_time\" content=\"2022-02-15T00:15:23+00:00\" \/>\n<meta property=\"og:image\" content=\"https:\/\/fundacaojles.org.br\/biblioteca\/wp-content\/uploads\/2022\/02\/whitepaper_saude_mental_forum_2020.jpg\" \/>\n\t<meta property=\"og:image:width\" content=\"1920\" \/>\n\t<meta property=\"og:image:height\" content=\"1299\" \/>\n\t<meta property=\"og:image:type\" content=\"image\/jpeg\" \/>\n<meta name=\"twitter:card\" content=\"summary_large_image\" \/>\n<script type=\"application\/ld+json\" class=\"yoast-schema-graph\">{\"@context\":\"https:\\\/\\\/schema.org\",\"@graph\":[{\"@type\":\"WebPage\",\"@id\":\"https:\\\/\\\/fundacaojles.org.br\\\/biblioteca\\\/biblioteca\\\/saude-mental-de-criancas-e-adolescentes-no-brasil-evidencias-para-acao\\\/\",\"url\":\"https:\\\/\\\/fundacaojles.org.br\\\/biblioteca\\\/biblioteca\\\/saude-mental-de-criancas-e-adolescentes-no-brasil-evidencias-para-acao\\\/\",\"name\":\"Sa\u00fade Mental de Crian\u00e7as e Adolescentes no Brasil: Evid\u00eancias para a\u00e7\u00e3o - Funda\u00e7\u00e3o Jos\u00e9 Luiz Set\u00fabal\",\"isPartOf\":{\"@id\":\"https:\\\/\\\/fundacaojles.org.br\\\/biblioteca\\\/#website\"},\"primaryImageOfPage\":{\"@id\":\"https:\\\/\\\/fundacaojles.org.br\\\/biblioteca\\\/biblioteca\\\/saude-mental-de-criancas-e-adolescentes-no-brasil-evidencias-para-acao\\\/#primaryimage\"},\"image\":{\"@id\":\"https:\\\/\\\/fundacaojles.org.br\\\/biblioteca\\\/biblioteca\\\/saude-mental-de-criancas-e-adolescentes-no-brasil-evidencias-para-acao\\\/#primaryimage\"},\"thumbnailUrl\":\"https:\\\/\\\/fundacaojles.org.br\\\/biblioteca\\\/wp-content\\\/uploads\\\/2022\\\/02\\\/whitepaper_saude_mental_forum_2020.jpg\",\"datePublished\":\"2020-12-18T13:51:29+00:00\",\"dateModified\":\"2022-02-15T00:15:23+00:00\",\"breadcrumb\":{\"@id\":\"https:\\\/\\\/fundacaojles.org.br\\\/biblioteca\\\/biblioteca\\\/saude-mental-de-criancas-e-adolescentes-no-brasil-evidencias-para-acao\\\/#breadcrumb\"},\"inLanguage\":\"pt-BR\",\"potentialAction\":[{\"@type\":\"ReadAction\",\"target\":[\"https:\\\/\\\/fundacaojles.org.br\\\/biblioteca\\\/biblioteca\\\/saude-mental-de-criancas-e-adolescentes-no-brasil-evidencias-para-acao\\\/\"]}]},{\"@type\":\"ImageObject\",\"inLanguage\":\"pt-BR\",\"@id\":\"https:\\\/\\\/fundacaojles.org.br\\\/biblioteca\\\/biblioteca\\\/saude-mental-de-criancas-e-adolescentes-no-brasil-evidencias-para-acao\\\/#primaryimage\",\"url\":\"https:\\\/\\\/fundacaojles.org.br\\\/biblioteca\\\/wp-content\\\/uploads\\\/2022\\\/02\\\/whitepaper_saude_mental_forum_2020.jpg\",\"contentUrl\":\"https:\\\/\\\/fundacaojles.org.br\\\/biblioteca\\\/wp-content\\\/uploads\\\/2022\\\/02\\\/whitepaper_saude_mental_forum_2020.jpg\",\"width\":1920,\"height\":1299},{\"@type\":\"BreadcrumbList\",\"@id\":\"https:\\\/\\\/fundacaojles.org.br\\\/biblioteca\\\/biblioteca\\\/saude-mental-de-criancas-e-adolescentes-no-brasil-evidencias-para-acao\\\/#breadcrumb\",\"itemListElement\":[{\"@type\":\"ListItem\",\"position\":1,\"name\":\"In\u00edcio\",\"item\":\"https:\\\/\\\/fundacaojles.org.br\\\/biblioteca\\\/\"},{\"@type\":\"ListItem\",\"position\":2,\"name\":\"Biblioteca\",\"item\":\"https:\\\/\\\/fundacaojles.org.br\\\/biblioteca\\\/biblioteca\\\/\"},{\"@type\":\"ListItem\",\"position\":3,\"name\":\"Sa\u00fade Mental de Crian\u00e7as e Adolescentes no Brasil: Evid\u00eancias para a\u00e7\u00e3o\"}]},{\"@type\":\"WebSite\",\"@id\":\"https:\\\/\\\/fundacaojles.org.br\\\/biblioteca\\\/#website\",\"url\":\"https:\\\/\\\/fundacaojles.org.br\\\/biblioteca\\\/\",\"name\":\"Funda\u00e7\u00e3o Jos\u00e9 Luiz Set\u00fabal\",\"description\":\"\",\"potentialAction\":[{\"@type\":\"SearchAction\",\"target\":{\"@type\":\"EntryPoint\",\"urlTemplate\":\"https:\\\/\\\/fundacaojles.org.br\\\/biblioteca\\\/?s={search_term_string}\"},\"query-input\":{\"@type\":\"PropertyValueSpecification\",\"valueRequired\":true,\"valueName\":\"search_term_string\"}}],\"inLanguage\":\"pt-BR\"}]}<\/script>\n<!-- \/ Yoast SEO plugin. -->","yoast_head_json":{"title":"Sa\u00fade Mental de Crian\u00e7as e Adolescentes no Brasil: Evid\u00eancias para a\u00e7\u00e3o - Funda\u00e7\u00e3o Jos\u00e9 Luiz Set\u00fabal","robots":{"index":"index","follow":"follow","max-snippet":"max-snippet:-1","max-image-preview":"max-image-preview:large","max-video-preview":"max-video-preview:-1"},"canonical":"https:\/\/fundacaojles.org.br\/biblioteca\/biblioteca\/saude-mental-de-criancas-e-adolescentes-no-brasil-evidencias-para-acao\/","og_locale":"pt_BR","og_type":"article","og_title":"Sa\u00fade Mental de Crian\u00e7as e Adolescentes no Brasil: Evid\u00eancias para a\u00e7\u00e3o - Funda\u00e7\u00e3o Jos\u00e9 Luiz Set\u00fabal","og_url":"https:\/\/fundacaojles.org.br\/biblioteca\/biblioteca\/saude-mental-de-criancas-e-adolescentes-no-brasil-evidencias-para-acao\/","og_site_name":"Funda\u00e7\u00e3o Jos\u00e9 Luiz Set\u00fabal","article_modified_time":"2022-02-15T00:15:23+00:00","og_image":[{"width":1920,"height":1299,"url":"https:\/\/fundacaojles.org.br\/biblioteca\/wp-content\/uploads\/2022\/02\/whitepaper_saude_mental_forum_2020.jpg","type":"image\/jpeg"}],"twitter_card":"summary_large_image","schema":{"@context":"https:\/\/schema.org","@graph":[{"@type":"WebPage","@id":"https:\/\/fundacaojles.org.br\/biblioteca\/biblioteca\/saude-mental-de-criancas-e-adolescentes-no-brasil-evidencias-para-acao\/","url":"https:\/\/fundacaojles.org.br\/biblioteca\/biblioteca\/saude-mental-de-criancas-e-adolescentes-no-brasil-evidencias-para-acao\/","name":"Sa\u00fade Mental de Crian\u00e7as e Adolescentes no Brasil: Evid\u00eancias para a\u00e7\u00e3o - Funda\u00e7\u00e3o Jos\u00e9 Luiz Set\u00fabal","isPartOf":{"@id":"https:\/\/fundacaojles.org.br\/biblioteca\/#website"},"primaryImageOfPage":{"@id":"https:\/\/fundacaojles.org.br\/biblioteca\/biblioteca\/saude-mental-de-criancas-e-adolescentes-no-brasil-evidencias-para-acao\/#primaryimage"},"image":{"@id":"https:\/\/fundacaojles.org.br\/biblioteca\/biblioteca\/saude-mental-de-criancas-e-adolescentes-no-brasil-evidencias-para-acao\/#primaryimage"},"thumbnailUrl":"https:\/\/fundacaojles.org.br\/biblioteca\/wp-content\/uploads\/2022\/02\/whitepaper_saude_mental_forum_2020.jpg","datePublished":"2020-12-18T13:51:29+00:00","dateModified":"2022-02-15T00:15:23+00:00","breadcrumb":{"@id":"https:\/\/fundacaojles.org.br\/biblioteca\/biblioteca\/saude-mental-de-criancas-e-adolescentes-no-brasil-evidencias-para-acao\/#breadcrumb"},"inLanguage":"pt-BR","potentialAction":[{"@type":"ReadAction","target":["https:\/\/fundacaojles.org.br\/biblioteca\/biblioteca\/saude-mental-de-criancas-e-adolescentes-no-brasil-evidencias-para-acao\/"]}]},{"@type":"ImageObject","inLanguage":"pt-BR","@id":"https:\/\/fundacaojles.org.br\/biblioteca\/biblioteca\/saude-mental-de-criancas-e-adolescentes-no-brasil-evidencias-para-acao\/#primaryimage","url":"https:\/\/fundacaojles.org.br\/biblioteca\/wp-content\/uploads\/2022\/02\/whitepaper_saude_mental_forum_2020.jpg","contentUrl":"https:\/\/fundacaojles.org.br\/biblioteca\/wp-content\/uploads\/2022\/02\/whitepaper_saude_mental_forum_2020.jpg","width":1920,"height":1299},{"@type":"BreadcrumbList","@id":"https:\/\/fundacaojles.org.br\/biblioteca\/biblioteca\/saude-mental-de-criancas-e-adolescentes-no-brasil-evidencias-para-acao\/#breadcrumb","itemListElement":[{"@type":"ListItem","position":1,"name":"In\u00edcio","item":"https:\/\/fundacaojles.org.br\/biblioteca\/"},{"@type":"ListItem","position":2,"name":"Biblioteca","item":"https:\/\/fundacaojles.org.br\/biblioteca\/biblioteca\/"},{"@type":"ListItem","position":3,"name":"Sa\u00fade Mental de Crian\u00e7as e Adolescentes no Brasil: Evid\u00eancias para a\u00e7\u00e3o"}]},{"@type":"WebSite","@id":"https:\/\/fundacaojles.org.br\/biblioteca\/#website","url":"https:\/\/fundacaojles.org.br\/biblioteca\/","name":"Funda\u00e7\u00e3o Jos\u00e9 Luiz Set\u00fabal","description":"","potentialAction":[{"@type":"SearchAction","target":{"@type":"EntryPoint","urlTemplate":"https:\/\/fundacaojles.org.br\/biblioteca\/?s={search_term_string}"},"query-input":{"@type":"PropertyValueSpecification","valueRequired":true,"valueName":"search_term_string"}}],"inLanguage":"pt-BR"}]}},"_links":{"self":[{"href":"https:\/\/fundacaojles.org.br\/biblioteca\/wp-json\/wp\/v2\/biblioteca\/51490","targetHints":{"allow":["GET"]}}],"collection":[{"href":"https:\/\/fundacaojles.org.br\/biblioteca\/wp-json\/wp\/v2\/biblioteca"}],"about":[{"href":"https:\/\/fundacaojles.org.br\/biblioteca\/wp-json\/wp\/v2\/types\/biblioteca"}],"wp:featuredmedia":[{"embeddable":true,"href":"https:\/\/fundacaojles.org.br\/biblioteca\/wp-json\/wp\/v2\/media\/51492"}],"wp:attachment":[{"href":"https:\/\/fundacaojles.org.br\/biblioteca\/wp-json\/wp\/v2\/media?parent=51490"}],"wp:term":[{"taxonomy":"categoria_de_conteudo","embeddable":true,"href":"https:\/\/fundacaojles.org.br\/biblioteca\/wp-json\/wp\/v2\/categoria_de_conteudo?post=51490"},{"taxonomy":"tag_de_conteudo","embeddable":true,"href":"https:\/\/fundacaojles.org.br\/biblioteca\/wp-json\/wp\/v2\/tag_de_conteudo?post=51490"}],"curies":[{"name":"wp","href":"https:\/\/api.w.org\/{rel}","templated":true}]}}

Saúde Mental de Crianças e Adolescentes no Brasil: Evidências para ação

<!-- This site is optimized with the Yoast SEO plugin v27.5 - https://yoast.com/product/yoast-seo-wordpress/ -->
<title>Saúde Mental de Crianças e Adolescentes no Brasil: Evidências para ação - Fundação José Luiz Setúbal</title>
<meta name="robots" content="index, follow, max-snippet:-1, max-image-preview:large, max-video-preview:-1" />
<link rel="canonical" href="https://fundacaojles.org.br/biblioteca/biblioteca/saude-mental-de-criancas-e-adolescentes-no-brasil-evidencias-para-acao/" />
<meta property="og:locale" content="pt_BR" />
<meta property="og:type" content="article" />
<meta property="og:title" content="Saúde Mental de Crianças e Adolescentes no Brasil: Evidências para ação - Fundação José Luiz Setúbal" />
<meta property="og:url" content="https://fundacaojles.org.br/biblioteca/biblioteca/saude-mental-de-criancas-e-adolescentes-no-brasil-evidencias-para-acao/" />
<meta property="og:site_name" content="Fundação José Luiz Setúbal" />
<meta property="article:modified_time" content="2022-02-15T00:15:23+00:00" />
<meta property="og:image" content="https://fundacaojles.org.br/biblioteca/wp-content/uploads/2022/02/whitepaper_saude_mental_forum_2020.jpg" />
	<meta property="og:image:width" content="1920" />
	<meta property="og:image:height" content="1299" />
	<meta property="og:image:type" content="image/jpeg" />
<meta name="twitter:card" content="summary_large_image" />
<script type="application/ld+json" class="yoast-schema-graph">{"@context":"https:\/\/schema.org","@graph":[{"@type":"WebPage","@id":"https:\/\/fundacaojles.org.br\/biblioteca\/biblioteca\/saude-mental-de-criancas-e-adolescentes-no-brasil-evidencias-para-acao\/","url":"https:\/\/fundacaojles.org.br\/biblioteca\/biblioteca\/saude-mental-de-criancas-e-adolescentes-no-brasil-evidencias-para-acao\/","name":"Saúde Mental de Crianças e Adolescentes no Brasil: Evidências para ação - Fundação José Luiz Setúbal","isPartOf":{"@id":"https:\/\/fundacaojles.org.br\/biblioteca\/#website"},"primaryImageOfPage":{"@id":"https:\/\/fundacaojles.org.br\/biblioteca\/biblioteca\/saude-mental-de-criancas-e-adolescentes-no-brasil-evidencias-para-acao\/#primaryimage"},"image":{"@id":"https:\/\/fundacaojles.org.br\/biblioteca\/biblioteca\/saude-mental-de-criancas-e-adolescentes-no-brasil-evidencias-para-acao\/#primaryimage"},"thumbnailUrl":"https:\/\/fundacaojles.org.br\/biblioteca\/wp-content\/uploads\/2022\/02\/whitepaper_saude_mental_forum_2020.jpg","datePublished":"2020-12-18T13:51:29+00:00","dateModified":"2022-02-15T00:15:23+00:00","breadcrumb":{"@id":"https:\/\/fundacaojles.org.br\/biblioteca\/biblioteca\/saude-mental-de-criancas-e-adolescentes-no-brasil-evidencias-para-acao\/#breadcrumb"},"inLanguage":"pt-BR","potentialAction":[{"@type":"ReadAction","target":["https:\/\/fundacaojles.org.br\/biblioteca\/biblioteca\/saude-mental-de-criancas-e-adolescentes-no-brasil-evidencias-para-acao\/"]}]},{"@type":"ImageObject","inLanguage":"pt-BR","@id":"https:\/\/fundacaojles.org.br\/biblioteca\/biblioteca\/saude-mental-de-criancas-e-adolescentes-no-brasil-evidencias-para-acao\/#primaryimage","url":"https:\/\/fundacaojles.org.br\/biblioteca\/wp-content\/uploads\/2022\/02\/whitepaper_saude_mental_forum_2020.jpg","contentUrl":"https:\/\/fundacaojles.org.br\/biblioteca\/wp-content\/uploads\/2022\/02\/whitepaper_saude_mental_forum_2020.jpg","width":1920,"height":1299},{"@type":"BreadcrumbList","@id":"https:\/\/fundacaojles.org.br\/biblioteca\/biblioteca\/saude-mental-de-criancas-e-adolescentes-no-brasil-evidencias-para-acao\/#breadcrumb","itemListElement":[{"@type":"ListItem","position":1,"name":"Início","item":"https:\/\/fundacaojles.org.br\/biblioteca\/"},{"@type":"ListItem","position":2,"name":"Biblioteca","item":"https:\/\/fundacaojles.org.br\/biblioteca\/biblioteca\/"},{"@type":"ListItem","position":3,"name":"Saúde Mental de Crianças e Adolescentes no Brasil: Evidências para ação"}]},{"@type":"WebSite","@id":"https:\/\/fundacaojles.org.br\/biblioteca\/#website","url":"https:\/\/fundacaojles.org.br\/biblioteca\/","name":"Fundação José Luiz Setúbal","description":"","potentialAction":[{"@type":"SearchAction","target":{"@type":"EntryPoint","urlTemplate":"https:\/\/fundacaojles.org.br\/biblioteca\/?s={search_term_string}"},"query-input":{"@type":"PropertyValueSpecification","valueRequired":true,"valueName":"search_term_string"}}],"inLanguage":"pt-BR"}]}</script>
<!-- / Yoast SEO plugin. -->

Saúde Mental de Crianças e Adolescentes no Brasil: Evidências para ação - Fundação José Luiz Setúbal

Fundação José Luiz Setúbal

Início
